 + 26569/6. Let x(u) be the third derivative of 1/12*u**4 - r*u**3 + 0 - 4*u**2 + 0*u. Determine x(1).
1
Let r(i) = i + 9. Let s = 66 + -51. Suppose 10*w = 5*w + s. Suppose -2*c = x + 14, 21 = -w*c + 3*x - 7*x. Determine r(c).
2
Suppose 0 = 2*l - b - 155, 4*b - 14 + 102 = l. Let a(h) = l - 141 + h + 73. Give a(-6).
2
Let k(v) = 59*v + 604*v**2 - 603*v**2 - 12 - 63*v. Suppose 6*i - 34 = 2. What is k(i)?
0
Suppose 6*c + 84 = 30. Let y be (45/c)/((-10)/12). Let v(a) be the third derivative of -a**4/24 - a**3/2 - 14*a**2. Give v(y).
-9
Let w(f) = 7*f + 6*f - 9*f + 28. Let b be w(-6). Let v(k) = -5 + b*k + 1 + 2*k + 5. What is v(1)?
7
Suppose 20 = -4*y, t - 3*y + 4*y + 2 = 0. Suppose 0*b - 658 = -14*b. Let w(k) = 20*k - b*k + 21*k + 3. Give w(t).
-15
Let q(x) = 35*x**2 + 54. Let a(k) = 29*k**2 + 45. Let f(y) = 6*a(y) - 5*q(y). Suppose w - 2*c = -10, 4*c = -3*w - 0*w + 20. Calculate f(w).
0
Let l(y) = -6*y - 26. Suppose -44*a - 38 = 23*a - 38. Calculate l(a).
-26
Let v(c) be the third derivative of -c**5/30 - 3*c**4/2 - 35*c**3/6 - c**2 + 476*c. What is v(-17)?
-1
Suppose 0 = -o - 5*c - 8, -4*o = -2*c - 2*c + 32. Let j(h) = -17*h + 9 + 7*h**2 - h + h**3 + 10*h. What is j(o)?
9
Let h = -652 - -661. Let l(s) = -s**3 + 11*s**2 - 6*s - 7. What is l(h)?
101
Let b be (4 - 26/6)*-3. Suppose n + 5*j = -13, 3*j + 5 = -2*n - 0*j. Let q(v) = -3 - 2*v + n*v + 2 - v. Give q(b).
-2
Let q(b) = -b + 9. Suppose 276 = -89*s + 1611. Calculate q(s).
-6
Let n(a) = a**2 - 2*a - 2. Suppose 0 = 5*i + 4*u - 13, 0*u - 1 = -2*i - 3*u. Suppose -i*l = 2 - 22. Suppose 5 = -j, -l*v = -j - 0 + 3. Give n(v).
6
Let g(a) = -49*a + 78. Let p(h) = -15*h + 26. Let j(z) = 2*g(z) - 7*p(z). What is j(5)?
9
Let h(k) = -2*k**3 - 2*k**2 + 2. Let w(m) = 4*m. Let p be w(5). Let z(f) = -2*f + 38. Let b be z(p). Determine h(b).
10
Suppose 5*s - 10*s = 75. Let k = s + 18. Let f = 9 - k. Let n(o) = o - 3. Give n(f).
3
Let h(y) be the second derivative of y**5/20 + y**4/6 - 5*y**3/6 + y**2/2 + y - 14. Let t be h(-4). Let i(w) = 2*w + 23. Determine i(t).
1
Let g(h) = -h**3 + 8*h**2 - 11*h + 18. Suppose 1369 = -4*r + 1397. What is g(r)?
-10
Suppose 152*c - 153*c - 4 = 0. Let v(a) be the first derivative of 6 + 1/2*a**2 + 5*a. Determine v(c).
1
Let y(j) be the second derivative of j**5/20 + j**4/2 + j**3/6 - j**2 + j. Let p = -98 + 102. Suppose 7*z + p*z + 55 = 0. Determine y(z).
18
Let w(x) = 4*x - 6. Let t(a) = -5*a + 7. Let g(m) = -3*t(m) - 4*w(m). Let y = 1404664 + -1404672. What is g(y)?
11
Suppose 5021 - 1449 = 188*c. Let p(w) = -w + 14. Calculate p(c).
-5
Suppose -436 = 66*x - 70*x. Let j = x - 116. Let y(w) = -w**2 - 6*w - 6. What is y(j)?
-13
Suppose 0 = 4*l - 183 + 79. Suppose l*q = -217 + 9. Let f(d) = -d**2 - 4*d - 2. Give f(q).
-34
Let z(j) = j**3 - j**2 + 16. Let x be (3 - (-5)/10)*(-10 - 0). Let q(l) = l**3 + 36*l**2 + 32*l - 105. Let y be q(x). Determine z(y).
16
Let b(p) = -p**2 + 201. Let a be b(0). Let x = a + -118. Let s = x - 84. Let d(f) = 15*f. Determine d(s).
-15
Let u be (70/(-30))/((-7)/(-3)). Let y(s) = 29*s - 5. Let f(h) = -320*h + 56. Let v(r) = -5*f(r) - 56*y(r). What is v(u)?
24
Let a(q) = -q**3 + 5*q**2 - 3. Let g(s) = s**2 + 8*s + 6. Let t be g(-8). Suppose -t = 4*i - 26. What is a(i)?
-3
Let d = -178 + 180. Let g(l) = -1 - 3169*l**2 + 2*l + 3171*l**d - 4. Determine g(-4).
19
Let u(v) be the second derivative of 1/12*v**4 - 71*v + 0 + 2/3*v**3 - 1/2*v**2. Determine u(4).
31
Let n(f) = -2*f - 6. Suppose 162 = 2*h + 3*z, -308 = -4*h - 5*z + 3*z. Suppose 6*i + h = 21*i. Give n(i).
-16
Let u(q) = 18*q**2 + 88*q - 300. Let n(g) = g**2 + 5*g - 17. Let f(b) = -17*n(b) + u(b). Let w(i) = i**2 - 8*i + 7. Let d be w(5). Calculate f(d).
29
Let k(o) = -2*o**2 - 3*o - 3. Suppose 0*y + 2 = 4*y - 3*f, 5*y = 5*f. Let m(l) = l**2 + 4*l**y + l**3 - 3*l + 11*l + 4. Let h be m(-3). Give k(h).
-5
Let f be 21/18 - 1/6. Suppose -4*m - f - 23 = 0. Let w(s) = -32 - 3*s**3 + 4*s**3 - 6*s + 17 + 5*s**2 + 11. What is w(m)?
-4
Let g(z) = z - 2. Let p be (94/14 - 7) + 19/(-7). Let m be (-5 + (-335)/(-25))/(p/(-10)). Suppose 3*o - m = 10*o. Determine g(o).
-6
Let s(h) = -17*h + 9. Let p(i) = -9*i + 5. Let w(o) = 3*o**3 - o**2 + o + 2. Suppose -7 = c - 6. Let x be w(c). Let y(b) = x*s(b) + 5*p(b). What is y(2)?
10
Let c be ((-31)/(-155))/(3 + 177/(-60)). Let p(o) = 1 - 6*o + 6*o**2 + 11*o**2 - 27*o**2 + o**3 + 6*o**2. Determine p(c).
-23
Let w(m) = -18*m + 12. Let i be w(4). Let f = i + 57. Let r(k) be the second derivative of k**4/6 + 2*k**3/3 + k**2/2 - k. What is r(f)?
7
Suppose -2*w = -4*k - 6*w + 268, -2*k + 148 = -5*w. Let v(f) = 7*f - 9. Let t be v(14). Suppose -4*g - k + t = 0. Let d(i) = -4*i + 5. Calculate d(g).
-15
Let p(l) = -234 + 4*l + 4*l - l**3 + 158 - 6*l**2 + 85. Let n(t) = t + 1. Let y be n(8). Let v = y + -16. Determine p(v).
2
Let b(k) = -136*k - 118*k + 399*k - k**2 + 3 - 133*k. Give b(10).
23
Let f(b) = 149*b**2 + 158*b**2 - 5*b + 2 - 302*b**2. What is f(3)?
32
Suppose 3*m - 24 = 6871*q - 6868*q, q - 9 = 0. Let g(w) = -w**2 + 17*w + 47. Give g(m).
47
Let w = -38 - -40. Let a(f) = -4 - 5 - w - 1700*f + 1699*f. What is a(0)?
-11
Let t(w) = w**2 + 15*w - 10. Suppose 8*x - 7610 + 7666 = 0. Determine t(x).
-66
Let b = 1783 - 1787. Let r(t) = 11*t - 2 - 3*t - 5*t. Give r(b).
-14
Let u(q) = q - q**3 + 2 + 4*q + 2 - 2*q**2. Suppose 0 = -2*d - 9*d - 33. Let o be u(d). Let r(x) = -x**3 - x**2 + 3*x + 3. Calculate r(o).
1
Let z(d) = 4*d**3 + 3*d**2 + 7*d - 2. Let r(c) = 2*c**3 + 2*c**2 + 4*c - 1. Let f(t) = -9*r(t) + 5*z(t). Determine f(-2).
-27
Let a(l) be the first derivative of -l**3/3 + 17*l**2/2 - 20*l - 52324. Let q = -17 - -33. What is a(q)?
-4
Let p(f) = 2*f**2 + 2*f + 2. Let v(b) = 3*b**3 + b**2 + 4*b + 4. Let u be v(-2). Let n be 1 + 1 + u/8. Determine p(n).
2
Let l(u) = u**3 + 14*u**2 - 16*u - 30. Let x be l(-14). Let v(i) = 194 - x - i + 2*i**2. What is v(-1)?
3
Let c(f) be the third derivative of -f**5/12 - f**4/24 - 7*f**3 - 22*f**2 - f. Let b(y) be the first derivative of c(y). Calculate b(-2).
19
Suppose -w = -3*p - 41, -2*p = 3*p - w + 69. Let b = p - -9. Let o(s) be the third derivative of -s**5/60 - s**4/4 - s**3/6 + 5*s**2. Determine o(b).
4
Suppose 19*u = 12525 - 12905. Let w(d) = -d**3 - 12*d**2 + 162*d + 40. What is w(u)?
0
Suppose -40 - 20 = -10*k. Suppose k*d = 90 - 12. Let m(u) = u**2 - 11*u - 17. Calculate m(d).
9
Let m(v) = -4*v**3 - 14*v**2 - 15*v - 13. Let l(d) = -1591 + 1592 + 0*d**3 + d**2 + d + d**3. Let x(f) = 5*l(f) + m(f). Calculate x(10).
-8
Let l(k) = k**2 + 19*k + 71. Let c(b) = -19*b - 1930. Let g be c(-101). What is l(g)?
-17
Let p = 269 - 267. Suppose 2*r = -b + 4*b - 9, 5*r = b - 3. Let q(l) = 53*l - 54*l - l**3 - b*l**2 - 3*l**p. Determine q(-6).
6
Let w(y) = 16*y**2 + 43*y - 14. Let q(n) = -13*n**2 - 35*n + 15. Let g(t) = 5*q(t) + 4*w(t). Determine g(-8).
-21
Let l(y) be the first derivative of -y**5/5 + y**4/6 - y**2/2 - 255*y - 147. Let x(t) be the first derivative of l(t). Calculate x(1).
-3
Let p(d) = -d**2 - 3*d - 2. Let m(a) = 2*a**2 + 16*a - 14. Let t be m(-9). Suppose 5*b - y + 20 = 0, -4*y = b - y + t. What is p(b)?
-6
Suppose -42*k = -8*s - 41*k - 32, 3*s + 2*k = -12. Let q(h) = -h**3 - 2*h**2 + 5*h + 1. What is q(s)?
13
Let f(k) = -37*k + 60*k**2 - 25*k**2 - 20*k**2 + 126 - 16*k**2. Determine f(-40).
6
Let p(q) = -2 + 6*q - 52 + 63 + 16*q**2. Let h(t) = 3*t**2 + t + 2. Let o(b) = -11*h(b) + 2*p(b). Suppose 2*r + r = 0. What is o(r)?
-4
Let z(s) = -12*s**2 + 9*s + 92 - 3*s**2 + 7*s**2 + 2*s**2 - 90. Give z(-1).
-13
Let r(u) = 2*u - 4. Let v(n) = -5*n**2 - 21*n - 7. Let t be v(-4). Let s(p) = 4*p - 12. Let c(o) = t*s(o) + 8*r(o). What is c(-3)?
-8
Let r(m) = 0*m**2 + 1633*m - 1647*m - 17 - m**2. What is r(-6)?
31
Let f = -77 + 78. Suppose 9 - f = 4*a. Let q(d) = -4*d**2 - 11*d + a*d + d**3 + 5*d. Give q(5).
5
Let j = 10526 - 10516. Let z(h) = -5*h + 4*h + 8 + 12. Calculate z(j).
10
Suppose 61*f - 748 = 27*f. Let i(q) = q**2 - 20*q - 51. Calculate i(f).
-7
Let g(s) = 6*s**2 + 7*s - 160. Let t(k) = -2*k**2 - 2*k + 46. Let y(l) = -2*g(l) - 7*t(l). Give y(2).
6
Let o(j) = -j**2 + 7*j - 22. Suppose -40*l + 9*l + 89 + 35 = 0. Calculate o(l).
-10
Let m(r) be the first derivative of r**4/8 - 11*r**3/6 - 11*r**2/2 - 6*r + 37. Let q(v) be th